b - 17. Give m(6).
-11
Let y(b) = b**3 + 7*b**2 + 9*b - 15. Give y(-6).
-33
Let d(r) = 17*r. Calculate d(-1).
-17
Let x(m) = -m**3 + 11*m**2 - 17*m - 1. Calculate x(9).
8
Let s(l) = l**3 + 6*l**2 - 2*l + 21. Give s(-6).
33
Let b(i) = 40*i**2 - 3*i + 1. Give b(1).
38
Let x(j) = -j**2 + 7. Calculate x(5).
-18
Let i(g) = -g + 8. Give i(4).
4
Let v(h) = -20*h + 104. Determine v(13).
-156
Let b(t) = t**3 - 3*t**2 - 4*t - 1. Give b(4).
-1
Let j(s) = s**2 + 2*s - 10. Determine j(-5).
5
Let n(x) = -4*x**2 + x + 49. What is n(0)?
49
Let d(g) = g - 29. What is d(-5)?
-34
Let b(x) = -14*x**2 - x - 1. Determine b(-1).
-14
Let w(x) = x**3 + 9*x**2 + 11. What is w(-9)?
11
Let g(v) = 27*v**2 - v - 3. Give g(-2).
107
Let y(g) = -g**2 + 16*g - 19. Determine y(14).
9
Let m(c) = -c**3 + 12*c**2 + 8*c + 61. Determine m(13).
-4
Let p(j) = -2*j**3 + 4*j**2 + 11*j + 6. What is p(5)?
-89
Let j(q) = -q**2 + 12*q - 10. What is j(5)?
25
Let i(t) = t**3 + 7*t**2 + 12*t + 3. Give i(-5).
-7
Let r(u) = -2*u - 9. Determine r(-6).
3
Let c(s) = s**2 + 2*s - 91. Calculate c(0).
-91
Let b(q) = q**3 + 5*q**2 + 5*q + 11. Determine b(-4).
7
Let u(i) = 35*i + 3. What is u(-1)?
-32
Let v(k) = -k**3 + 3*k**2 - 4*k + 4. Give v(2).
0
Let d(w) = -2*w**2 + 2*w - 1. Determine d(-4).
-41
Let q(l) = -l**3 + 3*l**2 + 3*l - 4. Calculate q(5).
-39
Let x(f) = f**2 - 4*f - 6. Calculate x(8).
26
Let l(p) = p**3 + 7*p**2 - 13*p - 11. Give l(-5).
104
Let z(s) = 13*s + 130. Calculate z(-10).
0
Let n(p) = p**2 - 10*p - 43. Determine n(-3).
-4
Let z(j) = -j**3 + 10*j**2 - 6*j - 12. Give z(9).
15
Let v(k) = k**2 - 23*k + 129. What is v(14)?
3
Let r(o) = o**2 - 14*o + 23. Calculate r(12).
-1
Let x(n) = 11*n - 264. Calculate x(25).
11
Let i(q) = 2*q**2 + 19*q + 35. Determine i(-8).
11
Let n(u) = -u. Give n(0).
0
Let y(n) = -n**2 - 9*n + 10. Calculate y(-12).
-26
Let y(s) = -24*s - 100. Give y(-4).
-4
Let z(k) = -2*k**2 + 21*k + 2. Determine z(10).
12
Let o(w) = -w**2 - 3*w - 14. What is o(-3)?
-14
Let j(d) = 14*d + 15. Determine j(-1).
1
Let f(v) = -8*v**2 + 24*v - 12. Calculate f(2).
4
Let q(h) = -5*h + 7. Give q(2).
-3
Let m(k) = -k**2 + 31. What is m(6)?
-5
Let c(y) = y**3 - 2*y**2 - 15*y - 24. Determine c(-3).
-24
Let u(g) = 2*g**3 - 5*g**2 + 6*g - 4. What is u(2)?
4
Let s(o) = 2*o**2 - 9*o + 6. What is s(5)?
11
Let h(p) = -3*p**2 - 97*p - 15. Calculate h(-32).
17
Let k(m) = -m**3 + 10*m**2 - 10*m + 9. Give k(9).
0
Let t(i) = -11*i**3 + 5*i - 4. Calculate t(1).
-10
Let w(b) = 22*b + 4. Determine w(-1).
-18
Let r(t) = 5*t**2 - 3*t - 4. Calculate r(3).
32
Let x(k) = -5*k + 2. Calculate x(2).
-8
Let p(x) = -2*x**2 - 11*x - 4. Give p(-8).
-44
Let c(m) = -2*m + 23. Give c(-11).
45
Let o(x) = -19*x - 1. Calculate o(-1).
18
Let i(u) = 3*u - 2. What is i(6)?
16
Let v(f) = 2*f - 15. What is v(10)?
5
Let s(a) = -a**3 + 8*a**2 - 7*a - 2. Calculate s(6).
28
Let n(j) = -4*j - 14. Give n(-14).
42
Let n(z) = -z**3 + 4*z**2 + 14*z - 14. Calculate n(6).
-2
Let u(t) = t**3 + 10*t**2 - t + 11. Determine u(-10).
21
Let w(b) = -2*b - 14. What is w(-10)?
6
Let g(k) = k**2 + 5*k - 12. What is g(-6)?
-6
Let x(p) = 3*p**2 - 19*p - 7. What is x(6)?
-13
Let o(p) = -p**2 - 15*p - 24. Calculate o(-13).
2
Let s(f) = f**2 - 2*f - 35. What is s(-6)?
13
Let b(c) = c**2 - 22*c - 42. Give b(25).
33
Let n(b) = -b**2 - 7. Calculate n(0).
-7
Let g(t) = -10*t - 81. Determine g(-11).
29
Let k(b) = b**3 + 19*b**2 - 22*b - 39. Calculate k(-20).
1
Let k(v) = v**2 - 12*v + 2. What is k(2)?
-18
Let b(z) = 3*z + 7. Determine b(-10).
-23
Let s(i) = -2*i + 37. Give s(12).
13
Let a(v) = 6*v + 7. Calculate a(-2).
-5
Let j(r) = 2*r**2 + 2. What is j(3)?
20
Let r(w) = w**3 - 9*w**2 + 9*w - 23. Calculate r(8).
-15
Let d(x) = -x**2 - x + 2. Determine d(2).
-4
Let n(s) = 51*s - 8. Give n(1).
43
Let q(j) = -j**3 + 20*j**2 - 4*j + 108. Determine q(20).
28
Let g(l) = -l**2 - 10*l - 14. Determine g(-9).
-5
Let n(m) = -m**3 - 8*m**2 - 7*m - 48. Calculate n(-7).
-48
Let i(y) = -y**2 + 13*y - 5. Give i(12).
7
Let q(z) = -4*z + 7. Give q(8).
-25
Let r(h) = -h - 29. Determine r(-14).
-15
Let f(i) = -3*i + 44. Determine f(0).
44
Let d(b) = -30*b - 87. Determine d(-3).
3
Let q(r) = r**3 - 11*r**2 - 14*r - 2. Calculate q(12).
-26
Let q(m) = m**2 + 10*m + 23. Determine q(-7).
2
Let p(a) = -89*a**3 + 4*a + 4. What is p(-1)?
89
Let q(u) = 42*u + 21. Calculate q(3).
147
Let i(x) = x**3 - 5*x**2 - 17*x + 12. Give i(7).
-9
Let h(q) = -q**2 + 4*q - 1. Give h(5).
-6
Let p(k) = -2*k + 27. What is p(11)?
5
Let t(i) = i + 2. What is t(-13)?
-11
Let i(t) = -t**3 + t**2 - 6*t + 5. What is i(3)?
-31
Let o(a) = 22*a + 1. Give o(0).
1
Let c(r) = -10*r - 182. Calculate c(-18).
-2
Let r(i) = -i**2 - 4*i - 11. What is r(6)?
-71
Let g(x) = -x**3 + 5*x**2 + 3*x - 17. Determine g(5).
-2
Let y(z) = -3*z - 45. Determine y(-16).
3
Let t(h) = h + 32. Give t(-14).
18
Let j(b) = -b**3 + 9*b**2 - 10*b + 2. Give j(8).
-14
Let s(g) = -3*g**3 - 13*g**2 - g + 6. Calculate s(-3).
-27
Let l(w) = -w**2 - 17*w - 16. Calculate l(-1).
0
Let m(r) = -30*r + 235. Determine m(8).
-5
Let z(o) = -65*o - 348. What is z(-6)?
42
Let v(j) = 2*j**2 + 11*j - 1. What is v(-6)?
5
Let t(z) = -3*z - 47. What is t(25)?
-122
Let i(a) = 2*a - 7. Give i(5).
3
Let d(c) = -76*c - 532. What is d(-7)?
0
Let u(o) = o**2 - 24*o + 55. Give u(3).
-8
Let t(x) = x**3 + 14*x**2 + 12*x - 17. What is t(-13)?
-4
Let r(q) = -q - 3. Give r(-11).
8
Let f(q) = -7*q**2 - 2*q - 2. What is f(-1)?
-7
Let q(v) = -v**3 + 8*v**2 - 9*v - 23. Determine q(6).
-5
Let s(k) = -k**3 - k**2 + 7*k - 7. What is s(2)?
-5
Let g(n) = -2*n + 23. What is g(11)?
1
Let c(n) = 2*n**2 + n - 24. Give c(4).
12
Let g(i) = -i**2 + 16*i - 67. Determine g(10).
-7
Let s(l) = l**2 - 6*l + 5. What is s(6)?
5
Let w(o) = o - 5. Calculate w(9).
4
Let l(m) = m**3 + 50*m**2 - 4*m - 204. Calculate l(-50).
-4
Let u(n) = -n**3 + 23*n**2 + 24*n + 13. Calculate u(24).
13
Let g(x) = 9*x + 171. Give g(-19).
0
Let c(y) = -y**3 - 22*y**2 + 24*y + 16. Give c(-23).
-7
Let i(x) = x**3 - 7*x**2 - 2*x + 17. Determine i(7).
3
Let p(n) = n**2 + 7*n + 4. What is p(-8)?
12
Let h(f) = -41*f - 55. What is h(-5)?
150
Let h(q) = q**3 - 17*q**2 + 19*q + 28. Determine h(16).
76
Let v(b) = b + 4. Give v(-11).
-7
Let y(u) = u**2 - 21*u + 23. Determine y(20).
3
Let o(g) = -2*g**3 + 13*g**2 - 6*g + 12. Give o(6).
12
Let n(r) = 6*r - 23. Give n(9).
31
Let r(t) = t**3 + 22*t**2 - 4*t - 77. Give r(-22).
11
Let o(j) = -j**2 - 7*j - 5. Calculate o(-8).
-13
Let r(t) = -2*t - 5. Give r(2).
-9
Let v(i) = -i**2 + 8*i + 8. Calculate v(9).
-1
Let h(l) = 5*l. What is h(3)?
15
Let t(d) = -2*d**2 - d + 13. What is t(3)?
-8
Let k(s) = -s**3 + 11*s**2 + 12*s + 11. Give k(12).
11
Let o(v) = -v**2 + 8*v - 1. Give o(6).
11
Let b(v) = -v**2 + 3*v + 2. Give b(4).
-2
Let d(n) = 14*n + 93. What is d(-7)?
-5
Let k(m) = 3*m**3 + 4*m**2 + 9*m + 10. Give k(-2).
-16
Let w(q) = -3*q - 3. What is w(1)?
-6
Let u(p) = -p**2 - 5*p + 3. Give u(-7).
-11
Let h(r) = 2*r**2 + 5*r + 3. Calculate h(-3).
6
Let u(n) = n**2 - 8*n - 4. Determine u(6).
-16
Let b(w) = w**3 - 10*w**2 - 12*w + 11. Determine b(12).
155
Let z(s) = -s**2 + 28*s - 139. Calculate z(21).
8
Let l(x) = x**2 - 28*x + 74. Determine l(22).
-58
Let z(o) = -21*o - 191. Calculate z(-9).
-2
Let w(h) = -h + 14. Calculate w(9).
5
Let i(t) = 5*t**2 + 2*t + 1. Calculate i(-2).
17
Let g(m) = -4*m**2 - 33*m + 1. Give g(-8).
9
Let x(a) = -2*a + 19. Give x(-6).
31
Let w(q) = 4*q**2 - 21*q + 6. Determine w(5).
1
Let c(n) = -2*n**3 - 8*n**2 + n - 3. Calculate c(-4).
-7
Let k(u) = -5*u**2 - 92*u - 29. What is k(-18)?
7
Let h(g) = -2*g**2 + 16*g + 11. Calculate h(5).
41
Let v(p) = -p**3 - 3*p + 3. Give v(2).
-11
Let j(d) = -d**2 - 13*d - 9. What is j(-12)?
3
Let g(n) = -n**2 - 17*n + 16. Give g(-18).
-2
Let c(f) = 7*f - 36. Give c(5).
-1
Let g(j) = -8*j - 2. Determine g(-2).
14
Let o(p) = p**2 - 11*p - 3. Calculate o(10).
-13
Let c(r) = -7*r - 230. Calculate c(-32).
-6
Let u(c) = 2*c + 23. Determine u(-11).
1
Let n(p) = -p + 15. Calculate n(-11).
26
Let d(s) = s**3 + 8*s**2 + 4*s - 17. What is d(-6)?
31
Let h(s) = -6*s**3 + 5*s**2 - 4*s + 2. Determine h(2).
-34
Let g(h) = -h**2 + 9*h - 23. What is g(5)?
-3
Let z(q) = 7*q**3 + 5*q**2 - q - 8. What is z(2)?
66
Let r(o) = o**3 + 17*o**2 + 15*o + 1